Last updated on 2024-08-16 10:49:40 CEST.
Flavor | Version | Tinstall | Tcheck | Ttotal | Status | Flags |
---|---|---|---|---|---|---|
r-devel-linux-x86_64-debian-clang | 0.4.1 | 7.07 | 144.20 | 151.27 | NOTE | |
r-devel-linux-x86_64-debian-gcc | 0.4.1 | 5.00 | 100.48 | 105.48 | NOTE | |
r-devel-linux-x86_64-fedora-clang | 0.4.1 | 246.96 | OK | |||
r-devel-linux-x86_64-fedora-gcc | 0.4.1 | 261.44 | OK | |||
r-devel-windows-x86_64 | 0.4.1 | 10.00 | 156.00 | 166.00 | NOTE | |
r-patched-linux-x86_64 | 0.4.1 | 14.79 | 135.54 | 150.33 | OK | |
r-release-linux-x86_64 | 0.4.1 | 7.81 | 138.22 | 146.03 | OK | |
r-release-macos-arm64 | 0.4.1 | 78.00 | OK | |||
r-release-macos-x86_64 | 0.4.1 | 109.00 | OK | |||
r-release-windows-x86_64 | 0.4.1 | 11.00 | 155.00 | 166.00 | OK | |
r-oldrel-macos-arm64 | 0.4.1 | 56.00 | OK | |||
r-oldrel-macos-x86_64 | 0.4.1 | 91.00 | OK | |||
r-oldrel-windows-x86_64 | 0.4.1 | 13.00 | 189.00 | 202.00 | OK |
Version: 0.4.1
Check: Rd cross-references
Result: NOTE
Found the following Rd file(s) with Rd \link{} targets missing package
anchors:
design_gray.Rd: ggplot2
design_grey.Rd: ggplot2
design_lmu.Rd: ggplot2
new_tdcmm.Rd: tibble
visualize.Rd: ggplot2
Please provide package anchors for all Rd \link{} targets not in the
package itself and the base packages.
Flavors: r-devel-linux-x86_64-debian-clang, r-devel-linux-x86_64-debian-gcc, r-devel-windows-x86_64