Last updated on 2024-08-10 17:49:13 CEST.
Flavor | Version | Tinstall | Tcheck | Ttotal | Status | Flags |
---|---|---|---|---|---|---|
r-devel-linux-x86_64-debian-clang | 1.2 | 2.71 | 57.43 | 60.14 | NOTE | |
r-devel-linux-x86_64-debian-gcc | 1.2 | 2.57 | 37.06 | 39.63 | NOTE | |
r-devel-linux-x86_64-fedora-clang | 1.2 | 101.25 | OK | |||
r-devel-linux-x86_64-fedora-gcc | 1.2 | 99.54 | OK | |||
r-devel-windows-x86_64 | 1.2 | 5.00 | 73.00 | 78.00 | NOTE | |
r-patched-linux-x86_64 | 1.2 | 5.22 | 53.99 | 59.21 | OK | |
r-release-linux-x86_64 | 1.2 | 2.58 | 54.54 | 57.12 | OK | |
r-release-macos-arm64 | 1.2 | 29.00 | OK | |||
r-release-macos-x86_64 | 1.2 | 53.00 | OK | |||
r-release-windows-x86_64 | 1.2 | 5.00 | 73.00 | 78.00 | OK | |
r-oldrel-macos-arm64 | 1.2 | 30.00 | OK | |||
r-oldrel-macos-x86_64 | 1.2 | 48.00 | OK | |||
r-oldrel-windows-x86_64 | 1.2 | 5.00 | 86.00 | 91.00 | OK |
Version: 1.2
Check: Rd cross-references
Result: NOTE
Found the following Rd file(s) with Rd \link{} targets missing package
anchors:
tcolour.Rd: dichromat
tpalette.Rd: dichromat
Please provide package anchors for all Rd \link{} targets not in the
package itself and the base packages.
Flavors: r-devel-linux-x86_64-debian-clang, r-devel-linux-x86_64-debian-gcc, r-devel-windows-x86_64