Last updated on 2024-07-17 02:49:23 CEST.
Flavor | Version | Tinstall | Tcheck | Ttotal | Status | Flags |
---|---|---|---|---|---|---|
r-devel-linux-x86_64-debian-clang | 4.4-2 | 65.10 | 465.76 | 530.86 | OK | |
r-devel-linux-x86_64-debian-gcc | 4.4-2 | 52.33 | 329.27 | 381.60 | OK | |
r-devel-linux-x86_64-fedora-clang | 4.4-2 | 677.20 | OK | |||
r-devel-linux-x86_64-fedora-gcc | 4.4-2 | 643.11 | OK | |||
r-devel-windows-x86_64 | 4.4-2 | 55.00 | 415.00 | 470.00 | NOTE | |
r-patched-linux-x86_64 | 4.4-2 | 68.11 | 431.03 | 499.14 | OK | |
r-release-linux-x86_64 | 4.4-2 | 50.83 | 445.23 | 496.06 | OK | |
r-release-macos-arm64 | 4.4-2 | 171.00 | NOTE | |||
r-release-macos-x86_64 | 4.4-2 | 376.00 | NOTE | |||
r-release-windows-x86_64 | 4.4-2 | 53.00 | 423.00 | 476.00 | OK | |
r-oldrel-macos-arm64 | 4.4-2 | 192.00 | NOTE | |||
r-oldrel-macos-x86_64 | 4.4-2 | 543.00 | NOTE | |||
r-oldrel-windows-x86_64 | 4.4-2 | 70.00 | 488.00 | 558.00 | OK |
Version: 4.4-2
Check: Rd cross-references
Result: NOTE
Found the following Rd file(s) with Rd \link{} targets missing package
anchors:
svycoplot.Rd: xyplot
svycoxph.Rd: coxph, predict.coxph
Please provide package anchors for all Rd \link{} targets not in the
package itself and the base packages.
Flavor: r-devel-windows-x86_64
Version: 4.4-2
Check: installed package size
Result: NOTE
installed size is 6.8Mb
sub-directories of 1Mb or more:
R 2.1Mb
doc 1.5Mb
libs 2.0Mb
Flavors: r-release-macos-arm64, r-release-macos-x86_64, r-oldrel-macos-arm64, r-oldrel-macos-x86_64