Last updated on 2024-08-07 16:49:20 CEST.
Flavor | Version | Tinstall | Tcheck | Ttotal | Status | Flags |
---|---|---|---|---|---|---|
r-devel-linux-x86_64-debian-clang | 1.5 | 10.34 | 163.28 | 173.62 | NOTE | |
r-devel-linux-x86_64-debian-gcc | 1.5 | 8.43 | 124.87 | 133.30 | NOTE | |
r-devel-linux-x86_64-fedora-clang | 1.5 | 292.81 | NOTE | |||
r-devel-linux-x86_64-fedora-gcc | 1.5 | 293.42 | NOTE | |||
r-devel-windows-x86_64 | 1.5 | 12.00 | 149.00 | 161.00 | NOTE | |
r-patched-linux-x86_64 | 1.5 | 11.78 | 159.09 | 170.87 | NOTE | |
r-release-linux-x86_64 | 1.5 | 10.19 | 159.21 | 169.40 | NOTE | |
r-release-macos-arm64 | 1.5 | 110.00 | NOTE | |||
r-release-macos-x86_64 | 1.5 | 170.00 | NOTE | |||
r-release-windows-x86_64 | 1.5 | 12.00 | 149.00 | 161.00 | NOTE | |
r-oldrel-macos-arm64 | 1.5 | 86.00 | OK | |||
r-oldrel-macos-x86_64 | 1.5 | 161.00 | OK | |||
r-oldrel-windows-x86_64 | 1.5 | 14.00 | 178.00 | 192.00 | OK |
Version: 1.5
Check: Rd files
Result: NOTE
checkRd: (-1) isle.Rd:38: Lost braces
38 | \code{\link[streamDAG]{stream.order}}, \code{\link[igraph]{delete.vertices}}, code{\link[igraph]{add.vertices}}, code{\link[igraph]{add.edges}}
| ^
checkRd: (-1) isle.Rd:38: Lost braces
38 | \code{\link[streamDAG]{stream.order}}, \code{\link[igraph]{delete.vertices}}, code{\link[igraph]{add.vertices}}, code{\link[igraph]{add.edges}}
| ^
Flavors: r-devel-linux-x86_64-debian-clang, r-devel-linux-x86_64-debian-gcc, r-devel-linux-x86_64-fedora-clang, r-devel-linux-x86_64-fedora-gcc, r-devel-windows-x86_64, r-patched-linux-x86_64, r-release-linux-x86_64, r-release-macos-arm64, r-release-macos-x86_64, r-release-windows-x86_64