Last updated on 2024-07-17 02:49:22 CEST.
Flavor | Version | Tinstall | Tcheck | Ttotal | Status | Flags |
---|---|---|---|---|---|---|
r-devel-linux-x86_64-debian-clang | 4.1-15 | 392.95 | 423.59 | 816.54 | OK | |
r-devel-linux-x86_64-debian-gcc | 4.1-15 | 260.17 | 294.81 | 554.98 | OK | |
r-devel-linux-x86_64-fedora-clang | 4.1-15 | 1064.39 | NOTE | |||
r-devel-linux-x86_64-fedora-gcc | 4.1-15 | 1127.40 | OK | |||
r-devel-windows-x86_64 | 4.1-15 | 293.00 | 351.00 | 644.00 | NOTE | |
r-patched-linux-x86_64 | 4.1-15 | 330.50 | 386.15 | 716.65 | OK | |
r-release-linux-x86_64 | 4.1-15 | 312.82 | 409.88 | 722.70 | OK | |
r-release-macos-arm64 | 4.1-15 | 186.00 | NOTE | |||
r-release-macos-x86_64 | 4.1-15 | 289.00 | NOTE | |||
r-release-windows-x86_64 | 4.1-15 | 294.00 | 349.00 | 643.00 | NOTE | |
r-oldrel-macos-arm64 | 4.1-15 | 201.00 | NOTE | |||
r-oldrel-macos-x86_64 | 4.1-15 | 400.00 | NOTE | |||
r-oldrel-windows-x86_64 | 4.1-15 | 370.00 | 443.00 | 813.00 | NOTE |
Version: 4.1-15
Check: installed package size
Result: NOTE
installed size is 5.2Mb
sub-directories of 1Mb or more:
R 2.2Mb
Flavors: r-devel-linux-x86_64-fedora-clang, r-devel-windows-x86_64, r-release-macos-arm64, r-release-macos-x86_64, r-release-windows-x86_64, r-oldrel-macos-arm64, r-oldrel-macos-x86_64, r-oldrel-windows-x86_64