Last updated on 2024-07-16 22:48:45 CEST.
Flavor | Version | Tinstall | Tcheck | Ttotal | Status | Flags |
---|---|---|---|---|---|---|
r-devel-linux-x86_64-debian-clang | 1.0-1 | 8.97 | 103.18 | 112.15 | OK | |
r-devel-linux-x86_64-debian-gcc | 1.0-1 | 9.27 | 78.59 | 87.86 | OK | |
r-devel-linux-x86_64-fedora-clang | 1.0-1 | 138.87 | OK | |||
r-devel-linux-x86_64-fedora-gcc | 1.0-1 | 132.58 | OK | |||
r-devel-windows-x86_64 | 1.0-1 | 11.00 | 98.00 | 109.00 | NOTE | |
r-patched-linux-x86_64 | 1.0-1 | 14.48 | 96.92 | 111.40 | OK | |
r-release-linux-x86_64 | 1.0-1 | 10.87 | 98.94 | 109.81 | OK | |
r-release-macos-arm64 | 1.0-1 | 39.00 | OK | |||
r-release-macos-x86_64 | 1.0-1 | 69.00 | OK | |||
r-release-windows-x86_64 | 1.0-1 | 12.00 | 98.00 | 110.00 | OK | |
r-oldrel-macos-arm64 | 1.0-1 | 46.00 | OK | |||
r-oldrel-macos-x86_64 | 1.0-1 | 79.00 | OK | |||
r-oldrel-windows-x86_64 | 1.0-1 | 14.00 | 116.00 | 130.00 | OK |
Version: 1.0-1
Check: Rd cross-references
Result: NOTE
Found the following Rd file(s) with Rd \link{} targets missing package
anchors:
cluster.plot.Rd: vegan
detect.outline.Rd: pixmap
generateShapeCoefficients.Rd: wd, wavethresh
plotWaveletShape.Rd: wavethresh
Please provide package anchors for all Rd \link{} targets not in the
package itself and the base packages.
Flavor: r-devel-windows-x86_64