Last updated on 2024-06-30 07:52:42 CEST.
Flavor | Version | Tinstall | Tcheck | Ttotal | Status | Flags |
---|---|---|---|---|---|---|
r-devel-linux-x86_64-debian-clang | 0.1.1 | 49.40 | 397.44 | 446.84 | NOTE | |
r-devel-linux-x86_64-debian-gcc | 0.1.1 | 33.03 | 275.25 | 308.28 | NOTE | |
r-devel-linux-x86_64-fedora-clang | 0.1.1 | 552.73 | NOTE | |||
r-devel-linux-x86_64-fedora-gcc | 0.1.1 | 538.34 | NOTE | |||
r-devel-windows-x86_64 | 0.1.1 | 38.00 | 287.00 | 325.00 | NOTE | |
r-patched-linux-x86_64 | 0.1.1 | 27.12 | 381.25 | 408.37 | NOTE | |
r-release-linux-x86_64 | 0.1.1 | 36.60 | 383.88 | 420.48 | NOTE | |
r-release-macos-arm64 | 0.1.1 | 135.00 | NOTE | |||
r-release-macos-x86_64 | 0.1.1 | 199.00 | NOTE | |||
r-release-windows-x86_64 | 0.1.1 | 38.00 | 291.00 | 329.00 | NOTE | |
r-oldrel-macos-arm64 | 0.1.1 | 141.00 | OK | |||
r-oldrel-macos-x86_64 | 0.1.1 | 184.00 | OK | |||
r-oldrel-windows-x86_64 | 0.1.1 | 47.00 | 372.00 | 419.00 | OK |
Version: 0.1.1
Check: Rd files
Result: NOTE
checkRd: (-1) generate_toy_data.Rd:35: Lost braces
35 | \item{groups}{If item{grouped=TRUE}, the grouping structure is required. Each input variable should have a group id.}
| ^
checkRd: (-1) generate_toy_data.Rd:58: Lost braces
58 | \item{true_grp_id}{Indices of which groups are non-zero in item{true_beta}.}
| ^
checkRd: (-1) predict.sgs.Rd:18: Lost braces
18 | item{response}{The predicted response. In the logistic case, this represents the predicted class probabilities.}
| ^
checkRd: (-1) predict.sgs.Rd:18: Lost braces
18 | item{response}{The predicted response. In the logistic case, this represents the predicted class probabilities.}
| ^
checkRd: (-1) predict.sgs.Rd:19: Lost braces
19 | item{class}{The predicted class assignments. Only returned if type = "logistic" in the \code{"sgs"} object.}
| ^
checkRd: (-1) predict.sgs.Rd:19: Lost braces
19 | item{class}{The predicted class assignments. Only returned if type = "logistic" in the \code{"sgs"} object.}
| ^
Flavors: r-devel-linux-x86_64-debian-clang, r-devel-linux-x86_64-debian-gcc, r-devel-linux-x86_64-fedora-clang, r-devel-linux-x86_64-fedora-gcc, r-devel-windows-x86_64, r-patched-linux-x86_64, r-release-linux-x86_64, r-release-macos-arm64, r-release-macos-x86_64, r-release-windows-x86_64