Last updated on 2024-08-16 11:49:50 CEST.
Flavor | Version | Tinstall | Tcheck | Ttotal | Status | Flags |
---|---|---|---|---|---|---|
r-devel-linux-x86_64-debian-clang | 1.2 | 123.96 | 23.96 | 147.92 | OK | |
r-devel-linux-x86_64-debian-gcc | 1.2 | 85.56 | 18.78 | 104.34 | OK | |
r-devel-linux-x86_64-fedora-clang | 1.2 | 302.52 | OK | |||
r-devel-linux-x86_64-fedora-gcc | 1.2 | 314.98 | OK | |||
r-devel-windows-x86_64 | 1.2 | 132.00 | 65.00 | 197.00 | OK | |
r-patched-linux-x86_64 | 1.2 | 119.54 | 23.21 | 142.75 | OK | |
r-release-linux-x86_64 | 1.2 | 121.46 | 23.04 | 144.50 | OK | |
r-release-macos-arm64 | 1.2 | 59.00 | NOTE | |||
r-release-macos-x86_64 | 1.2 | 57.00 | NOTE | |||
r-release-windows-x86_64 | 1.2 | 132.00 | 68.00 | 200.00 | OK | |
r-oldrel-macos-arm64 | 1.2 | 68.00 | NOTE | |||
r-oldrel-macos-x86_64 | 1.2 | 87.00 | NOTE | |||
r-oldrel-windows-x86_64 | 1.2 | 154.00 | 75.00 | 229.00 | OK |
Version: 1.2
Check: installed package size
Result: NOTE
installed size is 6.9Mb
sub-directories of 1Mb or more:
libs 6.8Mb
Flavors: r-release-macos-arm64, r-release-macos-x86_64, r-oldrel-macos-arm64, r-oldrel-macos-x86_64