Last updated on 2024-08-16 10:49:36 CEST.
Flavor | Version | Tinstall | Tcheck | Ttotal | Status | Flags |
---|---|---|---|---|---|---|
r-devel-linux-x86_64-debian-clang | 1.6.1 | 33.62 | 24.31 | 57.93 | OK | |
r-devel-linux-x86_64-debian-gcc | 1.6.1 | 24.06 | 19.65 | 43.71 | OK | |
r-devel-linux-x86_64-fedora-clang | 1.6.1 | 96.09 | NOTE | |||
r-devel-linux-x86_64-fedora-gcc | 1.6.1 | 108.95 | OK | |||
r-devel-windows-x86_64 | 1.6.1 | 45.00 | 74.00 | 119.00 | NOTE | |
r-patched-linux-x86_64 | 1.6.1 | 34.67 | 23.69 | 58.36 | OK | |
r-release-linux-x86_64 | 1.6.1 | 35.81 | 23.60 | 59.41 | OK | |
r-release-macos-arm64 | 1.6.1 | 28.00 | NOTE | |||
r-release-macos-x86_64 | 1.6.1 | 47.00 | NOTE | |||
r-release-windows-x86_64 | 1.6.1 | 43.00 | 73.00 | 116.00 | NOTE | |
r-oldrel-macos-arm64 | 1.6.1 | 33.00 | NOTE | |||
r-oldrel-macos-x86_64 | 1.6.1 | 73.00 | NOTE | |||
r-oldrel-windows-x86_64 | 1.6.1 | 41.00 | 72.00 | 113.00 | NOTE |
Version: 1.6.1
Check: installed package size
Result: NOTE
installed size is 7.1Mb
sub-directories of 1Mb or more:
include 6.4Mb
Flavors: r-devel-linux-x86_64-fedora-clang, r-devel-windows-x86_64, r-release-macos-arm64, r-release-macos-x86_64, r-release-windows-x86_64, r-oldrel-macos-arm64, r-oldrel-macos-x86_64, r-oldrel-windows-x86_64