Last updated on 2024-06-30 06:55:45 CEST.
Flavor | Version | Tinstall | Tcheck | Ttotal | Status | Flags |
---|---|---|---|---|---|---|
r-devel-linux-x86_64-debian-clang | 1.0.2 | 4.39 | 47.54 | 51.93 | NOTE | |
r-devel-linux-x86_64-debian-gcc | 1.0.2 | 3.28 | 69.15 | 72.43 | NOTE | |
r-devel-linux-x86_64-fedora-clang | 1.0.2 | 73.37 | NOTE | |||
r-devel-linux-x86_64-fedora-gcc | 1.0.2 | 85.74 | NOTE | |||
r-devel-windows-x86_64 | 1.0.2 | 6.00 | 60.00 | 66.00 | NOTE | |
r-patched-linux-x86_64 | 1.0.2 | 4.64 | 58.08 | 62.72 | NOTE | |
r-release-linux-x86_64 | 1.0.2 | 4.84 | 60.20 | 65.04 | NOTE | |
r-release-macos-arm64 | 1.0.2 | 29.00 | NOTE | |||
r-release-macos-x86_64 | 1.0.2 | 56.00 | NOTE | |||
r-release-windows-x86_64 | 1.0.2 | 5.00 | 60.00 | 65.00 | NOTE | |
r-oldrel-macos-arm64 | 1.0.2 | 30.00 | NOTE | |||
r-oldrel-macos-x86_64 | 1.0.2 | 46.00 | NOTE | |||
r-oldrel-windows-x86_64 | 1.0.2 | 7.00 | 65.00 | 72.00 | NOTE |
Version: 1.0.2
Check: LazyData
Result: NOTE
'LazyData' is specified without a 'data' directory
Flavors: r-devel-linux-x86_64-debian-clang, r-devel-linux-x86_64-debian-gcc, r-devel-linux-x86_64-fedora-clang, r-devel-linux-x86_64-fedora-gcc, r-devel-windows-x86_64, r-patched-linux-x86_64, r-release-linux-x86_64, r-release-macos-arm64, r-release-macos-x86_64, r-release-windows-x86_64, r-oldrel-macos-arm64, r-oldrel-macos-x86_64, r-oldrel-windows-x86_64