Last updated on 2024-06-30 06:55:43 CEST.
Flavor | Version | Tinstall | Tcheck | Ttotal | Status | Flags |
---|---|---|---|---|---|---|
r-devel-linux-x86_64-debian-clang | 1.1-12 | 10.24 | 37.47 | 47.71 | OK | |
r-devel-linux-x86_64-debian-gcc | 1.1-12 | 6.57 | 27.91 | 34.48 | OK | |
r-devel-linux-x86_64-fedora-clang | 1.1-12 | 57.89 | OK | |||
r-devel-linux-x86_64-fedora-gcc | 1.1-12 | 55.03 | OK | |||
r-devel-windows-x86_64 | 1.1-12 | 12.00 | 53.00 | 65.00 | OK | |
r-patched-linux-x86_64 | 1.1-12 | 9.13 | 35.06 | 44.19 | OK | |
r-release-linux-x86_64 | 1.1-12 | 8.33 | 36.14 | 44.47 | OK | |
r-release-macos-arm64 | 1.1-12 | 22.00 | OK | |||
r-release-macos-x86_64 | 1.1-12 | 32.00 | OK | |||
r-release-windows-x86_64 | 1.1-12 | 12.00 | 52.00 | 64.00 | OK | |
r-oldrel-macos-arm64 | 1.1-12 | 23.00 | OK | |||
r-oldrel-macos-x86_64 | 1.1-12 | 31.00 | NOTE | |||
r-oldrel-windows-x86_64 | 1.1-12 | 14.00 | 56.00 | 70.00 | OK |
Version: 1.1-12
Check: package dependencies
Result: NOTE
Package suggested but not available for checking: ‘ellipse’
Flavor: r-oldrel-macos-x86_64