Last updated on 2024-08-16 10:49:34 CEST.
Flavor | Version | Tinstall | Tcheck | Ttotal | Status | Flags |
---|---|---|---|---|---|---|
r-devel-linux-x86_64-debian-clang | 0.1.4 | 9.26 | 31.49 | 40.75 | NOTE | |
r-devel-linux-x86_64-debian-gcc | 0.1.4 | 6.49 | 22.55 | 29.04 | NOTE | |
r-devel-linux-x86_64-fedora-clang | 0.1.4 | 78.88 | NOTE | |||
r-devel-linux-x86_64-fedora-gcc | 0.1.4 | 69.20 | NOTE | |||
r-devel-windows-x86_64 | 0.1.4 | 13.00 | 71.00 | 84.00 | NOTE | |
r-patched-linux-x86_64 | 0.1.4 | 9.09 | 30.40 | 39.49 | NOTE | |
r-release-linux-x86_64 | 0.1.4 | 8.81 | 29.47 | 38.28 | NOTE | |
r-release-macos-arm64 | 0.1.4 | 23.00 | NOTE | |||
r-release-macos-x86_64 | 0.1.4 | 35.00 | NOTE | |||
r-release-windows-x86_64 | 0.1.4 | 12.00 | 68.00 | 80.00 | NOTE | |
r-oldrel-macos-arm64 | 0.1.4 | 27.00 | NOTE | |||
r-oldrel-macos-x86_64 | 0.1.4 | 39.00 | NOTE | |||
r-oldrel-windows-x86_64 | 0.1.4 | 11.00 | 76.00 | 87.00 | NOTE |
Version: 0.1.4
Check: LazyData
Result: NOTE
'LazyData' is specified without a 'data' directory
Flavors: r-devel-linux-x86_64-debian-clang, r-devel-linux-x86_64-debian-gcc, r-devel-linux-x86_64-fedora-clang, r-devel-linux-x86_64-fedora-gcc, r-devel-windows-x86_64, r-patched-linux-x86_64, r-release-linux-x86_64, r-release-macos-arm64, r-release-macos-x86_64, r-release-windows-x86_64, r-oldrel-macos-arm64, r-oldrel-macos-x86_64, r-oldrel-windows-x86_64
Version: 0.1.4
Check: for non-standard things in the check directory
Result: NOTE
Found the following files/directories:
‘animation.gif’
Flavors: r-devel-linux-x86_64-debian-clang, r-devel-linux-x86_64-debian-gcc, r-devel-linux-x86_64-fedora-clang, r-devel-linux-x86_64-fedora-gcc, r-patched-linux-x86_64, r-release-linux-x86_64
Version: 0.1.4
Check: compiled code
Result: NOTE
File ‘ph2bye/libs/ph2bye.so’:
Found no calls to: ‘R_registerRoutines’, ‘R_useDynamicSymbols’
It is good practice to register native routines and to disable symbol
search.
See ‘Writing portable packages’ in the ‘Writing R Extensions’ manual.
Flavors: r-devel-linux-x86_64-fedora-clang, r-devel-linux-x86_64-fedora-gcc