Last updated on 2024-08-16 11:49:47 CEST.
Flavor | Version | Tinstall | Tcheck | Ttotal | Status | Flags |
---|---|---|---|---|---|---|
r-devel-linux-x86_64-debian-clang | 0.2-3 | 6.72 | 60.59 | 67.31 | NOTE | |
r-devel-linux-x86_64-debian-gcc | 0.2-3 | 4.46 | 42.63 | 47.09 | NOTE | |
r-devel-linux-x86_64-fedora-clang | 0.2-3 | 107.69 | NOTE | |||
r-devel-linux-x86_64-fedora-gcc | 0.2-3 | 104.46 | NOTE | |||
r-devel-windows-x86_64 | 0.2-3 | 9.00 | 73.00 | 82.00 | NOTE | |
r-patched-linux-x86_64 | 0.2-3 | 6.00 | 57.12 | 63.12 | NOTE | |
r-release-linux-x86_64 | 0.2-3 | 5.64 | 57.40 | 63.04 | NOTE | |
r-release-macos-arm64 | 0.2-3 | 34.00 | NOTE | |||
r-release-macos-x86_64 | 0.2-3 | 56.00 | NOTE | |||
r-release-windows-x86_64 | 0.2-3 | 10.00 | 74.00 | 84.00 | NOTE | |
r-oldrel-macos-arm64 | 0.2-3 | 34.00 | NOTE | |||
r-oldrel-macos-x86_64 | 0.2-3 | 58.00 | NOTE | |||
r-oldrel-windows-x86_64 | 0.2-3 | 13.00 | 87.00 | 100.00 | NOTE |
Version: 0.2-3
Check: Rd files
Result: NOTE
checkRd: (-1) PatentsRD.Rd:4: Escaped LaTeX specials: \&
checkRd: (-1) PatentsRD.Rd:30: Escaped LaTeX specials: \&
checkRd: (-1) PatentsRDUS.Rd:4: Escaped LaTeX specials: \&
Flavors: r-devel-linux-x86_64-debian-clang, r-devel-linux-x86_64-debian-gcc, r-devel-linux-x86_64-fedora-clang, r-devel-linux-x86_64-fedora-gcc, r-devel-windows-x86_64, r-patched-linux-x86_64, r-release-linux-x86_64, r-release-macos-arm64, r-release-macos-x86_64, r-release-windows-x86_64, r-oldrel-macos-arm64, r-oldrel-macos-x86_64, r-oldrel-windows-x86_64