Last updated on 2024-08-07 15:49:16 CEST.
Flavor | Version | Tinstall | Tcheck | Ttotal | Status | Flags |
---|---|---|---|---|---|---|
r-devel-linux-x86_64-debian-clang | 3.1-165 | 28.06 | 223.36 | 251.42 | NOTE | |
r-devel-linux-x86_64-debian-gcc | 3.1-165 | 17.72 | 142.94 | 160.66 | NOTE | |
r-devel-linux-x86_64-fedora-clang | 3.1-165 | 412.08 | OK | |||
r-devel-linux-x86_64-fedora-gcc | 3.1-165 | 391.56 | OK | |||
r-devel-windows-x86_64 | 3.1-165 | 36.00 | 286.00 | 322.00 | NOTE | |
r-patched-linux-x86_64 | 3.1-165 | 35.69 | 214.06 | 249.75 | OK | |
r-release-linux-x86_64 | 3.1-165 | 26.42 | 211.77 | 238.19 | OK | |
r-release-macos-arm64 | 3.1-165 | 128.00 | OK | |||
r-release-macos-x86_64 | 3.1-165 | 329.00 | OK | |||
r-release-windows-x86_64 | 3.1-165 | 42.00 | 287.00 | 329.00 | OK | |
r-oldrel-macos-arm64 | 3.1-165 | 119.00 | OK | |||
r-oldrel-macos-x86_64 | 3.1-165 | 262.00 | OK | |||
r-oldrel-windows-x86_64 | 3.1-165 | 43.00 | 338.00 | 381.00 | OK |
Version: 3.1-165
Check: Rd cross-references
Result: NOTE
Found the following Rd file(s) with Rd \link{} targets missing package
anchors:
pairs.compareFits.Rd: xyplot, splom
pairs.lmList.Rd: xyplot, splom
pairs.lme.Rd: xyplot, splom
plot.ACF.Rd: xyplot
plot.Variogram.Rd: xyplot
plot.augPred.Rd: xyplot
plot.gls.Rd: xyplot, bwplot, histogram
plot.lmList.Rd: xyplot, bwplot, histogram
plot.lme.Rd: xyplot, bwplot, histogram
plot.nfnGroupedData.Rd: xyplot
Please provide package anchors for all Rd \link{} targets not in the
package itself and the base packages.
Flavors: r-devel-linux-x86_64-debian-clang, r-devel-linux-x86_64-debian-gcc, r-devel-windows-x86_64