Last updated on 2024-07-17 00:48:23 CEST.
Flavor | Version | Tinstall | Tcheck | Ttotal | Status | Flags |
---|---|---|---|---|---|---|
r-devel-linux-x86_64-debian-clang | 2.4.5 | 7.43 | 64.57 | 72.00 | OK | |
r-devel-linux-x86_64-debian-gcc | 2.4.5 | 6.12 | 46.68 | 52.80 | OK | |
r-devel-linux-x86_64-fedora-clang | 2.4.5 | 88.68 | OK | |||
r-devel-linux-x86_64-fedora-gcc | 2.4.5 | 85.15 | OK | |||
r-devel-windows-x86_64 | 2.4.5 | 8.00 | 72.00 | 80.00 | NOTE | |
r-patched-linux-x86_64 | 2.4.5 | 12.42 | 60.20 | 72.62 | OK | |
r-release-linux-x86_64 | 2.4.5 | 9.22 | 60.73 | 69.95 | OK | |
r-release-macos-arm64 | 2.4.5 | 28.00 | OK | |||
r-release-macos-x86_64 | 2.4.5 | 45.00 | OK | |||
r-release-windows-x86_64 | 2.4.5 | 8.00 | 68.00 | 76.00 | OK | |
r-oldrel-macos-arm64 | 2.4.5 | 33.00 | OK | |||
r-oldrel-macos-x86_64 | 2.4.5 | 54.00 | OK | |||
r-oldrel-windows-x86_64 | 2.4.5 | 10.00 | 73.00 | 83.00 | OK |
Version: 2.4.5
Check: Rd cross-references
Result: NOTE
Found the following Rd file(s) with Rd \link{} targets missing package
anchors:
magerr.Rd: draw.ellipse
magproj.Rd: mapproject, deg2hms, deg2dms
Please provide package anchors for all Rd \link{} targets not in the
package itself and the base packages.
Flavor: r-devel-windows-x86_64