Last updated on 2024-06-30 07:52:30 CEST.
Flavor | Version | Tinstall | Tcheck | Ttotal | Status | Flags |
---|---|---|---|---|---|---|
r-devel-linux-x86_64-debian-clang | 1.8 | 11.94 | 111.56 | 123.50 | NOTE | |
r-devel-linux-x86_64-debian-gcc | 1.8 | 10.31 | 80.55 | 90.86 | NOTE | |
r-devel-linux-x86_64-fedora-clang | 1.8 | 154.75 | NOTE | |||
r-devel-linux-x86_64-fedora-gcc | 1.8 | 157.58 | NOTE | |||
r-devel-windows-x86_64 | 1.8 | 13.00 | 131.00 | 144.00 | NOTE | |
r-patched-linux-x86_64 | 1.8 | 11.65 | 107.37 | 119.02 | NOTE | |
r-release-linux-x86_64 | 1.8 | 10.05 | 106.03 | 116.08 | NOTE | |
r-release-macos-arm64 | 1.8 | 51.00 | NOTE | |||
r-release-macos-x86_64 | 1.8 | 80.00 | WARN | |||
r-release-windows-x86_64 | 1.8 | 13.00 | 136.00 | 149.00 | NOTE | |
r-oldrel-macos-arm64 | 1.8 | 72.00 | OK | |||
r-oldrel-macos-x86_64 | 1.8 | 158.00 | OK | |||
r-oldrel-windows-x86_64 | 1.8 | 15.00 | 144.00 | 159.00 | OK |
Version: 1.8
Check: Rd files
Result: NOTE
checkRd: (-1) ATEgel.Rd:24: Lost braces
24 | \item{g}{A formula as \code{y~z}, where code{y} is the response and
| ^
Flavors: r-devel-linux-x86_64-debian-clang, r-devel-linux-x86_64-debian-gcc, r-devel-linux-x86_64-fedora-clang, r-devel-linux-x86_64-fedora-gcc, r-devel-windows-x86_64, r-patched-linux-x86_64, r-release-linux-x86_64, r-release-macos-arm64, r-release-macos-x86_64, r-release-windows-x86_64
Version: 1.8
Check: re-building of vignette outputs
Result: WARN
Error(s) in re-building vignettes:
...
--- re-building ‘gmm_with_R.rnw’ using knitr
Error: processing vignette 'gmm_with_R.rnw' failed with diagnostics:
Running 'texi2dvi' on 'gmm_with_R.tex' failed.
LaTeX errors:
! Undefined control sequence.
l.235 \hlkwd{library}\hldef
{(gmm)}
?
! Emergency stop.
! Emergency stop.
l.235
End of file on the terminal!
! ==> Fatal error occurred, no output PDF file produced!
--- failed re-building ‘gmm_with_R.rnw’
SUMMARY: processing the following file failed:
‘gmm_with_R.rnw’
Error: Vignette re-building failed.
Execution halted
Flavor: r-release-macos-x86_64