Last updated on 2024-08-07 15:49:09 CEST.
Flavor | Version | Tinstall | Tcheck | Ttotal | Status | Flags |
---|---|---|---|---|---|---|
r-devel-linux-x86_64-debian-clang | 0.5 | 11.05 | 103.76 | 114.81 | OK | |
r-devel-linux-x86_64-debian-gcc | 0.5 | 7.85 | 75.10 | 82.95 | OK | |
r-devel-linux-x86_64-fedora-clang | 0.5 | 197.03 | NOTE | |||
r-devel-linux-x86_64-fedora-gcc | 0.5 | 190.13 | OK | |||
r-devel-windows-x86_64 | 0.5 | 14.00 | 119.00 | 133.00 | OK | |
r-patched-linux-x86_64 | 0.5 | 10.55 | 100.86 | 111.41 | OK | |
r-release-linux-x86_64 | 0.5 | 10.87 | 100.92 | 111.79 | OK | |
r-release-macos-arm64 | 0.5 | 60.00 | OK | |||
r-release-macos-x86_64 | 0.5 | 85.00 | OK | |||
r-release-windows-x86_64 | 0.5 | 15.00 | 120.00 | 135.00 | OK | |
r-oldrel-macos-arm64 | 0.5 | 68.00 | OK | |||
r-oldrel-macos-x86_64 | 0.5 | 102.00 | NOTE | |||
r-oldrel-windows-x86_64 | 0.5 | 16.00 | 144.00 | 160.00 | OK |
Version: 0.5
Check: Rd cross-references
Result: NOTE
Undeclared package ‘eRm’ in Rd xrefs
Flavor: r-devel-linux-x86_64-fedora-clang
Version: 0.5
Check: Rd cross-references
Result: NOTE
Package unavailable to check Rd xrefs: ‘eRm’
Flavor: r-oldrel-macos-x86_64