Last updated on 2024-08-14 16:48:32 CEST.
Flavor | Version | Tinstall | Tcheck | Ttotal | Status | Flags |
---|---|---|---|---|---|---|
r-devel-linux-x86_64-debian-clang | 2.11.4 | 28.15 | 149.41 | 177.56 | NOTE | |
r-devel-linux-x86_64-debian-gcc | 2.11.4 | 19.25 | 102.63 | 121.88 | NOTE | |
r-devel-linux-x86_64-fedora-clang | 2.11.4 | 280.51 | OK | |||
r-devel-linux-x86_64-fedora-gcc | 2.11.4 | 285.44 | OK | |||
r-devel-windows-x86_64 | 2.11.4 | 39.00 | 187.00 | 226.00 | NOTE | |
r-patched-linux-x86_64 | 2.11.4 | 28.63 | 138.93 | 167.56 | OK | |
r-release-linux-x86_64 | 2.11.4 | 24.54 | 141.02 | 165.56 | OK | |
r-release-macos-arm64 | 2.11.4 | 85.00 | OK | |||
r-release-macos-x86_64 | 2.11.4 | 127.00 | OK | |||
r-release-windows-x86_64 | 2.11.4 | 39.00 | 187.00 | 226.00 | OK | |
r-oldrel-macos-arm64 | 2.11.4 | 91.00 | OK | |||
r-oldrel-macos-x86_64 | 2.11.4 | 171.00 | OK | |||
r-oldrel-windows-x86_64 | 2.11.4 | 48.00 | 218.00 | 266.00 | OK |
Version: 2.11.4
Check: Rd cross-references
Result: NOTE
Found the following Rd file(s) with Rd \link{} targets missing package
anchors:
eha-package.Rd: coxph
plot.coxreg.Rd: survival
Please provide package anchors for all Rd \link{} targets not in the
package itself and the base packages.
Flavors: r-devel-linux-x86_64-debian-clang, r-devel-linux-x86_64-debian-gcc, r-devel-windows-x86_64