Last updated on 2024-08-16 10:49:23 CEST.
Flavor | Version | Tinstall | Tcheck | Ttotal | Status | Flags |
---|---|---|---|---|---|---|
r-devel-linux-x86_64-debian-clang | 0.4.0 | 54.36 | 137.42 | 191.78 | OK | |
r-devel-linux-x86_64-debian-gcc | 0.4.0 | 39.80 | 96.28 | 136.08 | OK | |
r-devel-linux-x86_64-fedora-clang | 0.4.0 | 352.82 | OK | |||
r-devel-linux-x86_64-fedora-gcc | 0.4.0 | 360.37 | OK | |||
r-devel-windows-x86_64 | 0.4.0 | 61.00 | 221.00 | 282.00 | OK | |
r-patched-linux-x86_64 | 0.4.0 | 53.99 | 129.85 | 183.84 | OK | |
r-release-linux-x86_64 | 0.4.0 | 57.75 | 130.53 | 188.28 | OK | |
r-release-macos-arm64 | 0.4.0 | 102.00 | NOTE | |||
r-release-macos-x86_64 | 0.4.0 | 130.00 | NOTE | |||
r-release-windows-x86_64 | 0.4.0 | 61.00 | 216.00 | 277.00 | OK | |
r-oldrel-macos-arm64 | 0.4.0 | 103.00 | NOTE | |||
r-oldrel-macos-x86_64 | 0.4.0 | 225.00 | NOTE | |||
r-oldrel-windows-x86_64 | 0.4.0 | 79.00 | 249.00 | 328.00 | OK |
Version: 0.4.0
Check: installed package size
Result: NOTE
installed size is 10.1Mb
sub-directories of 1Mb or more:
libs 9.2Mb
Flavors: r-release-macos-arm64, r-release-macos-x86_64, r-oldrel-macos-arm64, r-oldrel-macos-x86_64