Last updated on 2024-07-16 22:48:30 CEST.
Flavor | Version | Tinstall | Tcheck | Ttotal | Status | Flags |
---|---|---|---|---|---|---|
r-devel-linux-x86_64-debian-clang | 0.2.37 | 13.41 | 98.79 | 112.20 | OK | |
r-devel-linux-x86_64-debian-gcc | 0.2.37 | 8.37 | 72.70 | 81.07 | OK | |
r-devel-linux-x86_64-fedora-clang | 0.2.37 | 136.23 | OK | |||
r-devel-linux-x86_64-fedora-gcc | 0.2.37 | 135.02 | OK | |||
r-devel-windows-x86_64 | 0.2.37 | 13.00 | 88.00 | 101.00 | NOTE | |
r-patched-linux-x86_64 | 0.2.37 | 14.91 | 91.90 | 106.81 | OK | |
r-release-linux-x86_64 | 0.2.37 | 10.10 | 93.24 | 103.34 | OK | |
r-release-macos-arm64 | 0.2.37 | 39.00 | OK | |||
r-release-macos-x86_64 | 0.2.37 | 56.00 | OK | |||
r-release-windows-x86_64 | 0.2.37 | 13.00 | 88.00 | 101.00 | OK | |
r-oldrel-macos-arm64 | 0.2.37 | 53.00 | OK | |||
r-oldrel-macos-x86_64 | 0.2.37 | 88.00 | OK | |||
r-oldrel-windows-x86_64 | 0.2.37 | 15.00 | 104.00 | 119.00 | OK |
Version: 0.2.37
Check: Rd cross-references
Result: NOTE
Found the following Rd file(s) with Rd \link{} targets missing package
anchors:
gettaxo.Rd: taxize
Please provide package anchors for all Rd \link{} targets not in the
package itself and the base packages.
Flavor: r-devel-windows-x86_64