Last updated on 2024-08-16 10:49:21 CEST.
Flavor | Version | Tinstall | Tcheck | Ttotal | Status | Flags |
---|---|---|---|---|---|---|
r-devel-linux-x86_64-debian-clang | 0.4.8 | 208.64 | 84.53 | 293.17 | NOTE | |
r-devel-linux-x86_64-debian-gcc | 0.4.8 | 182.10 | 72.09 | 254.19 | NOTE | |
r-devel-linux-x86_64-fedora-clang | 0.4.8 | 444.00 | NOTE | |||
r-devel-linux-x86_64-fedora-gcc | 0.4.8 | 605.26 | NOTE | |||
r-devel-windows-x86_64 | 0.4.8 | 188.00 | 136.00 | 324.00 | NOTE | |
r-patched-linux-x86_64 | 0.4.8 | 229.73 | 94.87 | 324.60 | NOTE | |
r-release-linux-x86_64 | 0.4.8 | 232.01 | 95.34 | 327.35 | NOTE | |
r-release-macos-arm64 | 0.4.8 | 130.00 | NOTE | |||
r-release-macos-x86_64 | 0.4.8 | 203.00 | WARN | |||
r-release-windows-x86_64 | 0.4.8 | 184.00 | 130.00 | 314.00 | NOTE | |
r-oldrel-macos-arm64 | 0.4.8 | 124.00 | NOTE | |||
r-oldrel-macos-x86_64 | 0.4.8 | 373.00 | NOTE | |||
r-oldrel-windows-x86_64 | 0.4.8 | 251.00 | 161.00 | 412.00 | OK |
Version: 0.4.8
Check: Rd files
Result: NOTE
checkRd: (-1) abess.Rd:260: Lost braces in \itemize; meant \describe ?
checkRd: (-1) abess.Rd:261: Lost braces in \itemize; meant \describe ?
checkRd: (-1) abess.Rd:262: Lost braces in \itemize; meant \describe ?
checkRd: (-1) abess.Rd:263: Lost braces in \itemize; meant \describe ?
checkRd: (-1) coef.abesspca.Rd:16: Lost braces; missing escapes or markup?
16 | This parameter is omitted if {sparse.type = "kpc"}.}
| ^
checkRd: (-1) coef.abesspca.Rd:22: Lost braces; missing escapes or markup?
22 | This parameter is omitted if {sparse.type = "fpc"}.}
| ^
checkRd: (-1) generate.data.Rd:51: Lost braces
51 | code{cortype = 3} denotes the constant structure,
| ^
Flavors: r-devel-linux-x86_64-debian-clang, r-devel-linux-x86_64-debian-gcc, r-devel-linux-x86_64-fedora-clang, r-devel-linux-x86_64-fedora-gcc, r-devel-windows-x86_64, r-patched-linux-x86_64, r-release-linux-x86_64, r-release-macos-arm64, r-release-macos-x86_64, r-release-windows-x86_64
Version: 0.4.8
Check: installed package size
Result: NOTE
installed size is 105.4Mb
sub-directories of 1Mb or more:
libs 104.4Mb
Flavors: r-release-macos-arm64, r-release-macos-x86_64, r-oldrel-macos-arm64, r-oldrel-macos-x86_64
Version: 0.4.8
Check: package dependencies
Result: WARN
Skipping vignette re-building
Package suggested but not available for checking: ‘knitr’
VignetteBuilder package required for checking but not installed: ‘knitr’
Flavor: r-release-macos-x86_64