Last updated on 2024-06-28 16:55:59 CEST.
Flavor | Version | Tinstall | Tcheck | Ttotal | Status | Flags |
---|---|---|---|---|---|---|
r-devel-linux-x86_64-debian-clang | 1.1-9 | OK | ||||
r-devel-linux-x86_64-debian-gcc | 1.1-9 | 7.27 | 56.28 | 63.55 | OK | |
r-devel-linux-x86_64-fedora-clang | 1.1-9 | 105.34 | OK | |||
r-devel-linux-x86_64-fedora-gcc | 1.1-9 | 100.08 | OK | |||
r-devel-windows-x86_64 | 1.1-9 | 9.00 | 90.00 | 99.00 | OK | |
r-patched-linux-x86_64 | 1.1-9 | 15.82 | 73.14 | 88.96 | OK | |
r-release-linux-x86_64 | 1.1-9 | 8.61 | 74.84 | 83.45 | OK | |
r-release-macos-arm64 | 1.1-9 | 28.00 | OK | |||
r-release-macos-x86_64 | 1.1-9 | 46.00 | OK | |||
r-release-windows-x86_64 | 1.1-9 | 9.00 | 90.00 | 99.00 | OK | |
r-oldrel-macos-arm64 | 1.1-9 | 35.00 | WARN | |||
r-oldrel-macos-x86_64 | 1.1-9 | 82.00 | WARN | |||
r-oldrel-windows-x86_64 | 1.1-9 | 10.00 | 103.00 | 113.00 | OK |
Version: 1.1-9
Check: Rd cross-references
Result: WARN
Missing link or links in documentation object 'bigamma.mckay.Rd':
‘[VGAM]{gammaff.mm}’
See section 'Cross-references' in the 'Writing R Extensions' manual.
Flavors: r-oldrel-macos-arm64, r-oldrel-macos-x86_64