Last updated on 2024-08-16 10:49:39 CEST.
Flavor | Version | Tinstall | Tcheck | Ttotal | Status | Flags |
---|---|---|---|---|---|---|
r-devel-linux-x86_64-debian-clang | 1.0.2 | 27.09 | 31.30 | 58.39 | OK | |
r-devel-linux-x86_64-debian-gcc | 1.0.2 | 19.33 | 23.79 | 43.12 | OK | |
r-devel-linux-x86_64-fedora-clang | 1.0.2 | 110.06 | OK | |||
r-devel-linux-x86_64-fedora-gcc | 1.0.2 | 114.69 | OK | |||
r-devel-windows-x86_64 | 1.0.2 | 38.00 | 67.00 | 105.00 | NOTE | |
r-patched-linux-x86_64 | 1.0.2 | 26.30 | 30.21 | 56.51 | OK | |
r-release-linux-x86_64 | 1.0.2 | 26.57 | 30.49 | 57.06 | OK | |
r-release-macos-arm64 | 1.0.2 | 37.00 | OK | |||
r-release-macos-x86_64 | 1.0.2 | 54.00 | OK | |||
r-release-windows-x86_64 | 1.0.2 | 38.00 | 68.00 | 106.00 | NOTE | |
r-oldrel-macos-arm64 | 1.0.2 | 39.00 | OK | |||
r-oldrel-macos-x86_64 | 1.0.2 | 62.00 | OK | |||
r-oldrel-windows-x86_64 | 1.0.2 | 48.00 | 80.00 | 128.00 | NOTE |
Version: 1.0.2
Check: C++ specification
Result: NOTE
Specified C++11: please drop specification unless essential
Flavors: r-devel-windows-x86_64, r-release-windows-x86_64, r-oldrel-windows-x86_64