Last updated on 2024-07-17 00:48:30 CEST.
Flavor | Version | Tinstall | Tcheck | Ttotal | Status | Flags |
---|---|---|---|---|---|---|
r-devel-linux-x86_64-debian-clang | 5.0.2 | 58.07 | 246.82 | 304.89 | NOTE | |
r-devel-linux-x86_64-debian-gcc | 5.0.2 | 46.04 | 175.73 | 221.77 | NOTE | |
r-devel-linux-x86_64-fedora-clang | 5.0.2 | 420.15 | NOTE | |||
r-devel-linux-x86_64-fedora-gcc | 5.0.2 | 381.15 | NOTE | |||
r-devel-windows-x86_64 | 5.0.2 | 54.00 | 260.00 | 314.00 | NOTE | |
r-patched-linux-x86_64 | 5.0.2 | 64.19 | 234.57 | 298.76 | NOTE | |
r-release-linux-x86_64 | 5.0.2 | 62.58 | 233.84 | 296.42 | NOTE | |
r-release-macos-arm64 | 5.0.2 | 89.00 | NOTE | |||
r-release-macos-x86_64 | 5.0.2 | 137.00 | NOTE | |||
r-release-windows-x86_64 | 5.0.2 | 56.00 | 246.00 | 302.00 | NOTE | |
r-oldrel-macos-arm64 | 5.0.2 | 88.00 | NOTE | |||
r-oldrel-macos-x86_64 | 5.0.2 | 267.00 | NOTE | |||
r-oldrel-windows-x86_64 | 5.0.2 | 71.00 | 311.00 | 382.00 | NOTE |
Version: 5.0.2
Check: package dependencies
Result: NOTE
Package suggested but not available for checking: ‘BPCells’
Flavors: r-devel-linux-x86_64-debian-clang, r-devel-linux-x86_64-debian-gcc, r-devel-linux-x86_64-fedora-clang, r-devel-linux-x86_64-fedora-gcc, r-devel-windows-x86_64, r-patched-linux-x86_64, r-release-linux-x86_64, r-release-macos-arm64, r-release-macos-x86_64, r-release-windows-x86_64, r-oldrel-windows-x86_64
Version: 5.0.2
Check: Rd cross-references
Result: NOTE
Undeclared packages ‘plotly’, ‘cli’ in Rd xrefs
Flavor: r-devel-linux-x86_64-fedora-clang
Version: 5.0.2
Check: package dependencies
Result: NOTE
Packages suggested but not available for checking: 'HDF5Array', 'BPCells'
Flavors: r-oldrel-macos-arm64, r-oldrel-macos-x86_64