Last updated on 2024-08-16 10:49:35 CEST.
Flavor | Version | Tinstall | Tcheck | Ttotal | Status | Flags |
---|---|---|---|---|---|---|
r-devel-linux-x86_64-debian-clang | 0.0.1.2 | 27.23 | 22.11 | 49.34 | NOTE | |
r-devel-linux-x86_64-debian-gcc | 0.0.1.2 | 21.54 | 18.26 | 39.80 | NOTE | |
r-devel-linux-x86_64-fedora-clang | 0.0.1.2 | 85.45 | NOTE | |||
r-devel-linux-x86_64-fedora-gcc | 0.0.1.2 | 98.24 | NOTE | |||
r-devel-windows-x86_64 | 0.0.1.2 | 42.00 | 121.00 | 163.00 | NOTE | |
r-patched-linux-x86_64 | 0.0.1.2 | 30.89 | 22.21 | 53.10 | NOTE | |
r-release-linux-x86_64 | 0.0.1.2 | 30.39 | 22.29 | 52.68 | NOTE | |
r-release-macos-arm64 | 0.0.1.2 | 16.00 | ERROR | |||
r-release-macos-x86_64 | 0.0.1.2 | 27.00 | ERROR | |||
r-release-windows-x86_64 | 0.0.1.2 | 39.00 | 95.00 | 134.00 | NOTE | |
r-oldrel-macos-arm64 | 0.0.1.2 | 25.00 | ERROR | |||
r-oldrel-macos-x86_64 | 0.0.1.2 | 35.00 | ERROR | |||
r-oldrel-windows-x86_64 | 0.0.1.2 | 39.00 | 84.00 | 123.00 | NOTE |
Version: 0.0.1.2
Check: C++ specification
Result: NOTE
Specified C++11: please drop specification unless essential
Flavors: r-devel-linux-x86_64-debian-clang, r-devel-linux-x86_64-debian-gcc, r-devel-linux-x86_64-fedora-clang, r-devel-linux-x86_64-fedora-gcc, r-devel-windows-x86_64, r-patched-linux-x86_64, r-release-linux-x86_64, r-release-windows-x86_64, r-oldrel-windows-x86_64
Version: 0.0.1.2
Check: LazyData
Result: NOTE
'LazyData' is specified without a 'data' directory
Flavors: r-devel-linux-x86_64-debian-clang, r-devel-linux-x86_64-debian-gcc, r-devel-linux-x86_64-fedora-clang, r-devel-linux-x86_64-fedora-gcc, r-devel-windows-x86_64, r-patched-linux-x86_64, r-release-linux-x86_64, r-release-windows-x86_64, r-oldrel-windows-x86_64
Version: 0.0.1.2
Check: for GNU extensions in Makefiles
Result: NOTE
GNU make is a SystemRequirements.
Flavors: r-devel-linux-x86_64-debian-clang, r-devel-linux-x86_64-debian-gcc, r-devel-linux-x86_64-fedora-clang, r-devel-linux-x86_64-fedora-gcc, r-devel-windows-x86_64, r-patched-linux-x86_64, r-release-linux-x86_64, r-release-windows-x86_64, r-oldrel-windows-x86_64
Version: 0.0.1.2
Check: whether package can be installed
Result: ERROR
Installation failed.
Flavors: r-release-macos-arm64, r-release-macos-x86_64, r-oldrel-macos-arm64, r-oldrel-macos-x86_64