Last updated on 2024-08-16 09:49:14 CEST.
Flavor | Version | Tinstall | Tcheck | Ttotal | Status | Flags |
---|---|---|---|---|---|---|
r-devel-linux-x86_64-debian-clang | 1.0.13 | 34.49 | 71.54 | 106.03 | OK | |
r-devel-linux-x86_64-debian-gcc | 1.0.13 | 25.05 | 54.74 | 79.79 | OK | |
r-devel-linux-x86_64-fedora-clang | 1.0.13 | 188.40 | NOTE | |||
r-devel-linux-x86_64-fedora-gcc | 1.0.13 | 205.15 | NOTE | |||
r-devel-windows-x86_64 | 1.0.13 | 46.00 | 216.00 | 262.00 | NOTE | |
r-patched-linux-x86_64 | 1.0.13 | 34.60 | 69.18 | 103.78 | OK | |
r-release-linux-x86_64 | 1.0.13 | 31.09 | 69.28 | 100.37 | OK | |
r-release-macos-arm64 | 1.0.13 | 86.00 | NOTE | |||
r-release-macos-x86_64 | 1.0.13 | 215.00 | NOTE | |||
r-release-windows-x86_64 | 1.0.13 | 46.00 | 238.00 | 284.00 | NOTE | |
r-oldrel-macos-arm64 | 1.0.13 | 93.00 | NOTE | |||
r-oldrel-macos-x86_64 | 1.0.13 | 242.00 | NOTE | |||
r-oldrel-windows-x86_64 | 1.0.13 | 48.00 | 194.00 | 242.00 | NOTE |
Version: 1.0.13
Check: installed package size
Result: NOTE
installed size is 10.2Mb
sub-directories of 1Mb or more:
doc 1.1Mb
include 6.5Mb
tinytest 1.0Mb
Flavors: r-devel-linux-x86_64-fedora-clang, r-devel-windows-x86_64, r-release-macos-arm64, r-release-macos-x86_64, r-release-windows-x86_64, r-oldrel-macos-arm64, r-oldrel-macos-x86_64, r-oldrel-windows-x86_64
Version: 1.0.13
Check: foreign function calls
Result: NOTE
Registration problem:
symbol ‘symbol’ in the local frame:
.Call(symbol)
See chapter ‘System and foreign language interfaces’ in the ‘Writing R
Extensions’ manual.
Flavors: r-devel-linux-x86_64-fedora-clang, r-devel-linux-x86_64-fedora-gcc