Last updated on 2024-08-16 10:49:30 CEST.
Flavor | Version | Tinstall | Tcheck | Ttotal | Status | Flags |
---|---|---|---|---|---|---|
r-devel-linux-x86_64-debian-clang | 1.0.1 | 163.54 | 25.16 | 188.70 | OK | |
r-devel-linux-x86_64-debian-gcc | 1.0.1 | 116.81 | 19.52 | 136.33 | OK | |
r-devel-linux-x86_64-fedora-clang | 1.0.1 | 497.37 | OK | |||
r-devel-linux-x86_64-fedora-gcc | 1.0.1 | 408.42 | OK | |||
r-devel-windows-x86_64 | 1.0.1 | 454.00 | 67.00 | 521.00 | OK | |
r-patched-linux-x86_64 | 1.0.1 | 162.18 | 23.68 | 185.86 | OK | |
r-release-linux-x86_64 | 1.0.1 | 165.27 | 23.24 | 188.51 | OK | |
r-release-macos-arm64 | 1.0.1 | 79.00 | NOTE | |||
r-release-macos-x86_64 | 1.0.1 | 66.00 | NOTE | |||
r-release-windows-x86_64 | 1.0.1 | 457.00 | 67.00 | 524.00 | OK | |
r-oldrel-macos-arm64 | 1.0.1 | 94.00 | NOTE | |||
r-oldrel-macos-x86_64 | 1.0.1 | 171.00 | NOTE | |||
r-oldrel-windows-x86_64 | 1.0.1 | 452.00 | 83.00 | 535.00 | OK |
Version: 1.0.1
Check: installed package size
Result: NOTE
installed size is 10.1Mb
sub-directories of 1Mb or more:
libs 9.8Mb
Flavors: r-release-macos-arm64, r-release-macos-x86_64, r-oldrel-macos-arm64, r-oldrel-macos-x86_64