Last updated on 2024-08-16 10:49:28 CEST.
Flavor | Version | Tinstall | Tcheck | Ttotal | Status | Flags |
---|---|---|---|---|---|---|
r-devel-linux-x86_64-debian-clang | 0.1-7 | 43.54 | 178.85 | 222.39 | NOTE | |
r-devel-linux-x86_64-debian-gcc | 0.1-7 | 32.33 | 117.33 | 149.66 | NOTE | |
r-devel-linux-x86_64-fedora-clang | 0.1-7 | 422.64 | OK | |||
r-devel-linux-x86_64-fedora-gcc | 0.1-7 | 355.58 | OK | |||
r-devel-windows-x86_64 | 0.1-7 | 47.00 | 174.00 | 221.00 | NOTE | |
r-patched-linux-x86_64 | 0.1-7 | 53.53 | 164.08 | 217.61 | OK | |
r-release-linux-x86_64 | 0.1-7 | 41.28 | 161.97 | 203.25 | OK | |
r-release-macos-arm64 | 0.1-7 | 90.00 | OK | |||
r-release-macos-x86_64 | 0.1-7 | 127.00 | OK | |||
r-release-windows-x86_64 | 0.1-7 | 48.00 | 175.00 | 223.00 | OK | |
r-oldrel-macos-arm64 | 0.1-7 | 93.00 | OK | |||
r-oldrel-macos-x86_64 | 0.1-7 | 206.00 | OK | |||
r-oldrel-windows-x86_64 | 0.1-7 | 60.00 | 216.00 | 276.00 | OK |
Version: 0.1-7
Check: Rd cross-references
Result: NOTE
Found the following Rd file(s) with Rd \link{} targets missing package
anchors:
trait.posterior.Rd: pcubature
Please provide package anchors for all Rd \link{} targets not in the
package itself and the base packages.
Flavors: r-devel-linux-x86_64-debian-clang, r-devel-linux-x86_64-debian-gcc, r-devel-windows-x86_64