Last updated on 2024-08-07 14:49:53 CEST.
Flavor | Version | Tinstall | Tcheck | Ttotal | Status | Flags |
---|---|---|---|---|---|---|
r-devel-linux-x86_64-debian-clang | 0.5.3 | 36.26 | 30.63 | 66.89 | OK | |
r-devel-linux-x86_64-debian-gcc | 0.5.3 | 27.67 | 26.39 | 54.06 | OK | |
r-devel-linux-x86_64-fedora-clang | 0.5.3 | 107.82 | OK | |||
r-devel-linux-x86_64-fedora-gcc | 0.5.3 | 129.93 | OK | |||
r-devel-windows-x86_64 | 0.5.3 | 37.00 | 73.00 | 110.00 | OK | |
r-patched-linux-x86_64 | 0.5.3 | 38.05 | 32.09 | 70.14 | OK | |
r-release-linux-x86_64 | 0.5.3 | 36.33 | 31.80 | 68.13 | OK | |
r-release-macos-arm64 | 0.5.3 | 38.00 | NOTE | |||
r-release-macos-x86_64 | 0.5.3 | 53.00 | NOTE | |||
r-release-windows-x86_64 | 0.5.3 | 36.00 | 74.00 | 110.00 | OK | |
r-oldrel-macos-arm64 | 0.5.3 | 55.00 | NOTE | |||
r-oldrel-macos-x86_64 | 0.5.3 | 93.00 | NOTE | |||
r-oldrel-windows-x86_64 | 0.5.3 | 45.00 | 82.00 | 127.00 | OK |
Version: 0.5.3
Check: installed package size
Result: NOTE
installed size is 14.9Mb
sub-directories of 1Mb or more:
libs 14.6Mb
Flavors: r-release-macos-arm64, r-release-macos-x86_64, r-oldrel-macos-arm64, r-oldrel-macos-x86_64