Last updated on 2024-08-16 10:49:26 CEST.
Flavor | Version | Tinstall | Tcheck | Ttotal | Status | Flags |
---|---|---|---|---|---|---|
r-devel-linux-x86_64-debian-clang | 2.2.0 | 32.30 | 30.87 | 63.17 | NOTE | |
r-devel-linux-x86_64-debian-gcc | 2.2.0 | 23.72 | 25.79 | 49.51 | NOTE | |
r-devel-linux-x86_64-fedora-clang | 2.2.0 | 115.45 | NOTE | |||
r-devel-linux-x86_64-fedora-gcc | 2.2.0 | 137.81 | NOTE | |||
r-devel-windows-x86_64 | 2.2.0 | 34.00 | 78.00 | 112.00 | NOTE | |
r-patched-linux-x86_64 | 2.2.0 | 35.33 | 29.26 | 64.59 | NOTE | |
r-release-linux-x86_64 | 2.2.0 | 32.47 | 30.40 | 62.87 | NOTE | |
r-release-macos-arm64 | 2.2.0 | 33.00 | NOTE | |||
r-release-macos-x86_64 | 2.2.0 | 53.00 | NOTE | |||
r-release-windows-x86_64 | 2.2.0 | 33.00 | 79.00 | 112.00 | NOTE | |
r-oldrel-macos-arm64 | 2.2.0 | 41.00 | NOTE | |||
r-oldrel-macos-x86_64 | 2.2.0 | 59.00 | NOTE | |||
r-oldrel-windows-x86_64 | 2.2.0 | 42.00 | 83.00 | 125.00 | NOTE |
Version: 2.2.0
Check: C++ specification
Result: NOTE
Specified C++11: please drop specification unless essential
Flavors: r-devel-linux-x86_64-debian-clang, r-devel-linux-x86_64-debian-gcc, r-devel-linux-x86_64-fedora-clang, r-devel-linux-x86_64-fedora-gcc, r-devel-windows-x86_64, r-patched-linux-x86_64, r-release-linux-x86_64, r-release-macos-arm64, r-release-macos-x86_64, r-release-windows-x86_64, r-oldrel-macos-arm64, r-oldrel-macos-x86_64, r-oldrel-windows-x86_64