Last updated on 2024-08-16 10:49:26 CEST.
Flavor | Version | Tinstall | Tcheck | Ttotal | Status | Flags |
---|---|---|---|---|---|---|
r-devel-linux-x86_64-debian-clang | 0.1.0 | 30.82 | 178.54 | 209.36 | NOTE | |
r-devel-linux-x86_64-debian-gcc | 0.1.0 | 24.13 | 275.23 | 299.36 | NOTE | |
r-devel-linux-x86_64-fedora-clang | 0.1.0 | 472.42 | NOTE | |||
r-devel-linux-x86_64-fedora-gcc | 0.1.0 | 716.71 | NOTE | |||
r-devel-windows-x86_64 | 0.1.0 | 34.00 | 233.00 | 267.00 | NOTE | |
r-patched-linux-x86_64 | 0.1.0 | 34.37 | 645.24 | 679.61 | NOTE | |
r-release-linux-x86_64 | 0.1.0 | 31.04 | 623.67 | 654.71 | NOTE | |
r-release-macos-arm64 | 0.1.0 | 148.00 | NOTE | |||
r-release-macos-x86_64 | 0.1.0 | 187.00 | NOTE | |||
r-release-windows-x86_64 | 0.1.0 | 35.00 | 232.00 | 267.00 | NOTE | |
r-oldrel-macos-arm64 | 0.1.0 | 168.00 | NOTE | |||
r-oldrel-macos-x86_64 | 0.1.0 | 240.00 | NOTE | |||
r-oldrel-windows-x86_64 | 0.1.0 | 43.00 | 280.00 | 323.00 | NOTE |
Version: 0.1.0
Check: C++ specification
Result: NOTE
Specified C++11: please drop specification unless essential
Flavors: r-devel-linux-x86_64-debian-clang, r-devel-linux-x86_64-debian-gcc, r-devel-linux-x86_64-fedora-clang, r-devel-linux-x86_64-fedora-gcc, r-devel-windows-x86_64, r-patched-linux-x86_64, r-release-linux-x86_64, r-release-macos-arm64, r-release-macos-x86_64, r-release-windows-x86_64, r-oldrel-macos-arm64, r-oldrel-macos-x86_64, r-oldrel-windows-x86_64