Last updated on 2024-07-16 22:48:34 CEST.
Flavor | Version | Tinstall | Tcheck | Ttotal | Status | Flags |
---|---|---|---|---|---|---|
r-devel-linux-x86_64-debian-clang | 2.0.6 | 16.94 | 133.91 | 150.85 | OK | |
r-devel-linux-x86_64-debian-gcc | 2.0.6 | 14.95 | 93.75 | 108.70 | OK | |
r-devel-linux-x86_64-fedora-clang | 2.0.6 | 182.17 | OK | |||
r-devel-linux-x86_64-fedora-gcc | 2.0.6 | 169.48 | OK | |||
r-devel-windows-x86_64 | 2.0.6 | 22.00 | 124.00 | 146.00 | NOTE | |
r-patched-linux-x86_64 | 2.0.6 | 24.20 | 123.41 | 147.61 | OK | |
r-release-linux-x86_64 | 2.0.6 | 18.72 | 124.82 | 143.54 | OK | |
r-release-macos-arm64 | 2.0.6 | 51.00 | OK | |||
r-release-macos-x86_64 | 2.0.6 | 69.00 | OK | |||
r-release-windows-x86_64 | 2.0.6 | 23.00 | 126.00 | 149.00 | OK | |
r-oldrel-macos-arm64 | 2.0.6 | 47.00 | OK | |||
r-oldrel-macos-x86_64 | 2.0.6 | 87.00 | OK | |||
r-oldrel-windows-x86_64 | 2.0.6 | 29.00 | 158.00 | 187.00 | OK |
Version: 2.0.6
Check: Rd cross-references
Result: NOTE
Found the following Rd file(s) with Rd \link{} targets missing package
anchors:
EBICglasso.qgraph.Rd: qgraph
EGA.Rd: igraph
EGA.estimate.Rd: igraph
EGA.fit.Rd: igraph
EGAnet-plot.Rd: GGally, ggplot2
LCT.Rd: igraph
bootEGA.Rd: igraph
community.consensus.Rd: igraph
community.detection.Rd: igraph
compare.EGA.plots.Rd: qgraph
convert2igraph.Rd: igraph
dynEGA.Rd: igraph
dynEGA.ind.pop.Rd: igraph
hierEGA.Rd: igraph
igraph2matrix.Rd: igraph
invariance.Rd: igraph
network.generalizability.Rd: igraph
riEGA.Rd: igraph
Please provide package anchors for all Rd \link{} targets not in the
package itself and the base packages.
Flavor: r-devel-windows-x86_64