Last updated on 2024-07-30 04:58:01 CEST.
Flavor | Version | Tinstall | Tcheck | Ttotal | Status | Flags |
---|---|---|---|---|---|---|
r-devel-linux-x86_64-debian-clang | 1.0.0 | 8.18 | 74.07 | 82.25 | OK | |
r-devel-linux-x86_64-debian-gcc | 1.0.0 | 6.37 | 55.74 | 62.11 | OK | |
r-devel-linux-x86_64-fedora-clang | 1.0.0 | 103.80 | NOTE | |||
r-devel-linux-x86_64-fedora-gcc | 1.0.0 | 97.23 | NOTE | |||
r-devel-windows-x86_64 | 1.0.0 | 7.00 | 70.00 | 77.00 | OK | |
r-patched-linux-x86_64 | 1.0.0 | OK | ||||
r-release-linux-x86_64 | 1.0.0 | 7.05 | 72.04 | 79.09 | OK | |
r-release-macos-arm64 | 1.0.0 | 27.00 | OK | |||
r-release-macos-x86_64 | 1.0.0 | 52.00 | OK | |||
r-release-windows-x86_64 | 1.0.0 | 8.00 | 70.00 | 78.00 | OK | |
r-oldrel-macos-arm64 | 1.0.0 | 35.00 | OK | |||
r-oldrel-macos-x86_64 | 1.0.0 | 56.00 | OK | |||
r-oldrel-windows-x86_64 | 1.0.0 | 10.00 | 84.00 | 94.00 | OK |
Version: 1.0.0
Check: dependencies in R code
Result: NOTE
Namespace in Imports field not imported from: ‘MASS’
All declared Imports should be used.
Flavors: r-devel-linux-x86_64-fedora-clang, r-devel-linux-x86_64-fedora-gcc